{"id":451,"date":"2021-04-10T19:27:02","date_gmt":"2021-04-10T19:27:02","guid":{"rendered":"http:\/\/build.rochib.com\/?page_id=451"},"modified":"2021-04-10T19:40:00","modified_gmt":"2021-04-10T19:40:00","slug":"silestone","status":"publish","type":"page","link":"https:\/\/build.rochib.com\/?page_id=451","title":{"rendered":"Silestone"},"content":{"rendered":"<div class=\"section-title row text-center\">\n<div class=\"col-md-8 col-md-offset-2\">\n<h3>La marca\u00a0<strong>Silestone<\/strong>, es l\u00edder mundial en la fabricaci\u00f3n de encimeras para ba\u00f1os y cocinas. El material es un compuesto de gran resistencia al rallado, a los impactos, y a las manchas gracias a su baja absorci\u00f3n de liquidos.<\/h3>\n<\/div>\n<\/div>\n<div class=\"row\">\n<div class=\"col-md-12\">\n<p class=\"lead\">Estan compuestas por una mezcla de\u00a0<strong>cuarzo<\/strong>\u00a0natural con\u00a0<strong>resinas de poliester<\/strong>, ademas cuenta con un componente bacteriol\u00f3gico, que detiene la proliferaci\u00f3n de las bacterias.<\/p>\n<p class=\"lead\">Al ser un material artificial permite aplicaciones muy versatiles, siendo las aplicaciones mas utilizadas en encimeras de cocinas y ba\u00f1os, pudiendo ser utilizado tambien en otros usos profesionales, como peluquerias, restaurantes, hoteles, hospitales, laboratorios, etc.<\/p>\n<\/div>\n<\/div>\n<h1 class=\"products-title\">CATALOGO DE COLORES<\/h1>\n<h2 class=\"products-title\">BLANCO NORTE<\/h2>\n<p><img decoding=\"async\" src=\"https:\/\/renddilab.s3-sa-east-1.amazonaws.com\/marmolesygranitosmm\/images\/products\/silestone\/silestone-blanco-norte.jpg\" \/><\/p>\n<h2 class=\"products-title\">BLANCO ZEUS<\/h2>\n<p><img decoding=\"async\" src=\"https:\/\/renddilab.s3-sa-east-1.amazonaws.com\/marmolesygranitosmm\/images\/products\/silestone\/silestone-blanco-zeus.jpg\" \/><\/p>\n<h2 class=\"products-title\">NEGRO TEBAS<\/h2>\n<p><img decoding=\"async\" src=\"https:\/\/renddilab.s3-sa-east-1.amazonaws.com\/marmolesygranitosmm\/images\/products\/silestone\/silestone-negro-tebas.jpg\" \/><\/p>\n<h2 class=\"products-title\">WHITE STORM<\/h2>\n<p><img decoding=\"async\" src=\"https:\/\/renddilab.s3-sa-east-1.amazonaws.com\/marmolesygranitosmm\/images\/products\/silestone\/silestone-white-storm.jpg\" \/><\/p>\n<h2 class=\"products-title\">CREMA MINERVA<\/h2>\n<p><img decoding=\"async\" src=\"https:\/\/renddilab.s3-sa-east-1.amazonaws.com\/marmolesygranitosmm\/images\/products\/silestone\/silestone-crema-minerva.jpg\" \/><\/p>\n<h2 class=\"products-title\">GRIS EXPO<\/h2>\n<p><img decoding=\"async\" src=\"https:\/\/renddilab.s3-sa-east-1.amazonaws.com\/marmolesygranitosmm\/images\/products\/silestone\/silestone-gris-expo.jpg\" \/><\/p>\n<h2 class=\"products-title\">CALACATTA GOLD<\/h2>\n<p><img decoding=\"async\" src=\"https:\/\/renddilab.s3-sa-east-1.amazonaws.com\/marmolesygranitosmm\/images\/products\/silestone\/silestone-calacatta-gold.jpg\" \/><\/p>\n<h2 class=\"products-title\">CALACATTA CLASSIC<\/h2>\n<p><img decoding=\"async\" src=\"https:\/\/renddilab.s3-sa-east-1.amazonaws.com\/marmolesygranitosmm\/images\/products\/silestone\/silestone-calacatta-classic.jpg\" \/><\/p>\n<h2 class=\"products-title\">ETERNAL EMPERADOR<\/h2>\n<p><img decoding=\"async\" src=\"https:\/\/renddilab.s3-sa-east-1.amazonaws.com\/marmolesygranitosmm\/images\/products\/silestone\/silestone-emperador-eterno.jpg\" \/><\/p>\n<h2 class=\"products-title\">ETERNAL MARFIL<\/h2>\n<p><img decoding=\"async\" src=\"https:\/\/renddilab.s3-sa-east-1.amazonaws.com\/marmolesygranitosmm\/images\/products\/silestone\/silestone-marfil-eterno.jpg\" \/><\/p>\n<h2 class=\"products-title\">DESERT SILVER<\/h2>\n<p><img decoding=\"async\" src=\"https:\/\/renddilab.s3-sa-east-1.amazonaws.com\/marmolesygranitosmm\/images\/products\/silestone\/silestone-desert-silver.jpg\" \/><\/p>\n<h2 class=\"products-title\">ETERNAL BIANCO CALACATTA<\/h2>\n<p><img decoding=\"async\" src=\"https:\/\/renddilab.s3-sa-east-1.amazonaws.com\/marmolesygranitosmm\/images\/products\/silestone\/silestone-eternal-bianco-calacatta.jpg\" \/><\/p>\n<h2 class=\"products-title\">CORAL CLAY<\/h2>\n<p><img decoding=\"async\" src=\"https:\/\/renddilab.s3-sa-east-1.amazonaws.com\/marmolesygranitosmm\/images\/products\/silestone\/silestone-coral-clay.jpg\" \/><\/p>\n<p>&nbsp;<\/p>\n","protected":false},"excerpt":{"rendered":"<p>La marca\u00a0Silestone, es l\u00edder mundial en la fabricaci\u00f3n de encimeras para ba\u00f1os y cocinas. El material es un compuesto de gran resistencia al rallado, a los impactos, y a las manchas gracias a su baja absorci\u00f3n de liquidos. Estan compuestas por una mezcla de\u00a0cuarzo\u00a0natural con\u00a0resinas de poliester, ademas cuenta con un componente bacteriol\u00f3gico, que detiene [&hellip;]<\/p>\n","protected":false},"author":1,"featured_media":0,"parent":0,"menu_order":0,"comment_status":"closed","ping_status":"closed","template":"","meta":[],"_links":{"self":[{"href":"https:\/\/build.rochib.com\/index.php?rest_route=\/wp\/v2\/pages\/451"}],"collection":[{"href":"https:\/\/build.rochib.com\/index.php?rest_route=\/wp\/v2\/pages"}],"about":[{"href":"https:\/\/build.rochib.com\/index.php?rest_route=\/wp\/v2\/types\/page"}],"author":[{"embeddable":true,"href":"https:\/\/build.rochib.com\/index.php?rest_route=\/wp\/v2\/users\/1"}],"replies":[{"embeddable":true,"href":"https:\/\/build.rochib.com\/index.php?rest_route=%2Fwp%2Fv2%2Fcomments&post=451"}],"version-history":[{"count":3,"href":"https:\/\/build.rochib.com\/index.php?rest_route=\/wp\/v2\/pages\/451\/revisions"}],"predecessor-version":[{"id":459,"href":"https:\/\/build.rochib.com\/index.php?rest_route=\/wp\/v2\/pages\/451\/revisions\/459"}],"wp:attachment":[{"href":"https:\/\/build.rochib.com\/index.php?rest_route=%2Fwp%2Fv2%2Fmedia&parent=451"}],"curies":[{"name":"wp","href":"https:\/\/api.w.org\/{rel}","templated":true}]}}